{"id":128,"date":"2021-05-13T08:10:58","date_gmt":"2021-05-13T06:10:58","guid":{"rendered":"https:\/\/www.d-soft.ch\/?page_id=128"},"modified":"2021-05-13T09:05:16","modified_gmt":"2021-05-13T07:05:16","slug":"fepa-plattform","status":"publish","type":"page","link":"https:\/\/www.d-soft.ch\/?page_id=128","title":{"rendered":"Ferienpass einfach organisiert"},"content":{"rendered":"\n<p>Die webbasierte Ferienpass Plattform unterst\u00fctzt die Planung und Durchf\u00fchrung von Freizeitangeboten und bietet eine intuitive Benutzeroberfl\u00e4che f\u00fcr Organisatoren und Teilnehmenden.<\/p>\n\n\n\n<p><strong>Administration<\/strong><\/p>\n\n\n\n<ul class=\"wp-block-list\"><li><span style=\"color: var(--nv-text-color); font-family: Graphik,-apple-system,BlinkMacSystemFont,Segoe UI,var(--nv-fallback-ff); background-color: var(--nv-site-bg);\">Kurseverwaltung pro Zeitraum<\/span> inklusive Wunschphase<\/li><li>Kurszuordnung nach dem Zufallsprinzip<\/li><li>Contentverwaltung<\/li><li>Integrierte Adressverwaltung <\/li><li>Automatisierte EMail Notifikationen an Kursleiter, Teilnehmende und Begleitpersonen<\/li><li>Diverse Auswertungen<\/li><li>und vieles mehr<\/li><\/ul>\n\n\n\n<p><strong>Ferienpassseite<\/strong><\/p>\n\n\n\n<ul class=\"wp-block-list\"><li>Men\u00fc und Seiteninhalt abh\u00e4ngig von Durchf\u00fchrungsstatus und \u00f6ffentlich oder interner Bereich<\/li><li>Zusammenstellung einer Priorit\u00e4tenliste w\u00e4hrend der Wunschphase<\/li><li>Automatisiertes nachtr\u00e4gliches Buchen von freien Kursen<\/li><li>und vieles mehr<\/li><\/ul>\n\n\n<p>M\u00f6chten Sie wissen, wie Sie in Zukunft Ihren Ferienpass einfach und ohne Excel Listen organisieren k\u00f6nnen? Dann z\u00f6gern Sie nicht und nehmen Sie mit Dioguardi Software Kontakt auf.<\/p>\n\n\n<div class=\"wp-block-group\"><div class=\"wp-block-group__inner-container is-layout-flow wp-block-group-is-layout-flow\">\n<figure class=\"wp-block-gallery columns-3 is-cropped wp-block-gallery-1 is-layout-flex wp-block-gallery-is-layout-flex\"><ul class=\"blocks-gallery-grid\"><li class=\"blocks-gallery-item\"><figure><img loading=\"lazy\" decoding=\"async\" width=\"600\" height=\"500\" src=\"https:\/\/www.d-soft.ch\/wp-content\/uploads\/2021\/05\/Fepa-1.png\" alt=\"\" data-id=\"161\" class=\"wp-image-161\" srcset=\"https:\/\/www.d-soft.ch\/wp-content\/uploads\/2021\/05\/Fepa-1.png 600w, https:\/\/www.d-soft.ch\/wp-content\/uploads\/2021\/05\/Fepa-1-300x250.png 300w\" sizes=\"auto, (max-width: 600px) 100vw, 600px\" \/><\/figure><\/li><li class=\"blocks-gallery-item\"><figure><img loading=\"lazy\" decoding=\"async\" width=\"600\" height=\"500\" src=\"https:\/\/www.d-soft.ch\/wp-content\/uploads\/2021\/05\/Fepa-Kursuebersicht-1.png\" alt=\"\" data-id=\"160\" class=\"wp-image-160\" srcset=\"https:\/\/www.d-soft.ch\/wp-content\/uploads\/2021\/05\/Fepa-Kursuebersicht-1.png 600w, https:\/\/www.d-soft.ch\/wp-content\/uploads\/2021\/05\/Fepa-Kursuebersicht-1-300x250.png 300w\" sizes=\"auto, (max-width: 600px) 100vw, 600px\" \/><\/figure><\/li><li class=\"blocks-gallery-item\"><figure><img loading=\"lazy\" decoding=\"async\" width=\"600\" height=\"500\" src=\"https:\/\/www.d-soft.ch\/wp-content\/uploads\/2021\/05\/Fepa-Bildergallerie-1.png\" alt=\"\" data-id=\"159\" class=\"wp-image-159\" srcset=\"https:\/\/www.d-soft.ch\/wp-content\/uploads\/2021\/05\/Fepa-Bildergallerie-1.png 600w, https:\/\/www.d-soft.ch\/wp-content\/uploads\/2021\/05\/Fepa-Bildergallerie-1-300x250.png 300w\" sizes=\"auto, (max-width: 600px) 100vw, 600px\" \/><\/figure><\/li><li class=\"blocks-gallery-item\"><figure><img loading=\"lazy\" decoding=\"async\" width=\"700\" height=\"488\" src=\"https:\/\/www.d-soft.ch\/wp-content\/uploads\/2021\/05\/Fepa-Admin-1.png\" alt=\"\" data-id=\"158\" class=\"wp-image-158\" srcset=\"https:\/\/www.d-soft.ch\/wp-content\/uploads\/2021\/05\/Fepa-Admin-1.png 700w, https:\/\/www.d-soft.ch\/wp-content\/uploads\/2021\/05\/Fepa-Admin-1-300x209.png 300w\" sizes=\"auto, (max-width: 700px) 100vw, 700px\" \/><\/figure><\/li><\/ul><\/figure>\n<\/div><\/div>\n\n\n\n<p><\/p>\n","protected":false},"excerpt":{"rendered":"<p>Die webbasierte Ferienpass Plattform unterst\u00fctzt die Planung und Durchf\u00fchrung von Freizeitangeboten und bietet eine intuitive Benutzeroberfl\u00e4che f\u00fcr Organisatoren und Teilnehmenden. Administration Kurseverwaltung pro Zeitraum inklusive Wunschphase Kurszuordnung nach dem Zufallsprinzip Contentverwaltung Integrierte Adressverwaltung Automatisierte EMail Notifikationen an Kursleiter, Teilnehmende und Begleitpersonen Diverse Auswertungen und vieles mehr Ferienpassseite Men\u00fc und Seiteninhalt abh\u00e4ngig von Durchf\u00fchrungsstatus und \u00f6ffentlich&hellip;&nbsp;<a href=\"https:\/\/www.d-soft.ch\/?page_id=128\" rel=\"bookmark\">Weiterlesen &raquo;<span class=\"screen-reader-text\">Ferienpass einfach organisiert<\/span><\/a><\/p>\n","protected":false},"author":1,"featured_media":0,"parent":0,"menu_order":0,"comment_status":"closed","ping_status":"closed","template":"","meta":{"neve_meta_sidebar":"","neve_meta_container":"","neve_meta_enable_content_width":"","neve_meta_content_width":0,"neve_meta_title_alignment":"","neve_meta_author_avatar":"","neve_post_elements_order":"","neve_meta_disable_header":"","neve_meta_disable_footer":"","neve_meta_disable_title":"","footnotes":""},"class_list":["post-128","page","type-page","status-publish","hentry"],"_links":{"self":[{"href":"https:\/\/www.d-soft.ch\/index.php?rest_route=\/wp\/v2\/pages\/128","targetHints":{"allow":["GET"]}}],"collection":[{"href":"https:\/\/www.d-soft.ch\/index.php?rest_route=\/wp\/v2\/pages"}],"about":[{"href":"https:\/\/www.d-soft.ch\/index.php?rest_route=\/wp\/v2\/types\/page"}],"author":[{"embeddable":true,"href":"https:\/\/www.d-soft.ch\/index.php?rest_route=\/wp\/v2\/users\/1"}],"replies":[{"embeddable":true,"href":"https:\/\/www.d-soft.ch\/index.php?rest_route=%2Fwp%2Fv2%2Fcomments&post=128"}],"version-history":[{"count":14,"href":"https:\/\/www.d-soft.ch\/index.php?rest_route=\/wp\/v2\/pages\/128\/revisions"}],"predecessor-version":[{"id":165,"href":"https:\/\/www.d-soft.ch\/index.php?rest_route=\/wp\/v2\/pages\/128\/revisions\/165"}],"wp:attachment":[{"href":"https:\/\/www.d-soft.ch\/index.php?rest_route=%2Fwp%2Fv2%2Fmedia&parent=128"}],"curies":[{"name":"wp","href":"https:\/\/api.w.org\/{rel}","templated":true}]}}